{"id":359,"date":"2025-02-19T12:31:04","date_gmt":"2025-02-19T11:31:04","guid":{"rendered":"https:\/\/presenceetdanse.fr\/?page_id=359"},"modified":"2026-03-23T11:21:17","modified_gmt":"2026-03-23T10:21:17","slug":"danses-en-ligne","status":"publish","type":"page","link":"https:\/\/presenceetdanse.fr\/index.php\/danses-en-ligne\/","title":{"rendered":"DANSES EN LIGNE"},"content":{"rendered":"\n<p><\/p>\n\n\n\n<h2 class=\"wp-block-heading has-text-align-center has-ast-global-color-5-color has-text-color has-link-color wp-elements-b43634b4a779fd5efec9b11ebf92f3d3\">Danses en lignes et chor\u00e9graphies de pas de danse<br> avec Anne VIAVANT<\/h2>\n\n\n\n<div class=\"wp-block-columns is-layout-flex wp-container-core-columns-is-layout-28f84493 wp-block-columns-is-layout-flex\">\n<div class=\"wp-block-column is-layout-flow wp-block-column-is-layout-flow\">\n<h4 class=\"wp-block-heading has-text-align-left has-ast-global-color-5-color has-text-color has-link-color wp-elements-bb40f9392df1686f720dc363aa2f25c0\"><strong>Lieux et horaires des cours<\/strong> <strong>hebdomadaires<\/strong> <strong>2026\/2027<\/strong><\/h4>\n\n\n\n<p class=\"has-text-align-left has-ast-global-color-5-color has-text-color has-link-color wp-elements-6f60850be0b4f5805c0b060c0a81dafe\"><mark style=\"background-color:rgba(0, 0, 0, 0)\" class=\"has-inline-color has-ast-global-color-7-color\"><br><\/mark><strong>LA CHAPELLE BASSE MER<\/strong> &#8211; <strong>Divatte sur Loire<\/strong>&#8211; salle municipale la Chapelaine, rue du stade<br>Cours D\u00e9butant 2\u00e8me ann\u00e9e jeudi 15h 30 cours d&rsquo;1 heure<br>(Possibilit\u00e9 de rejoindre ce cours si vous avez quelques notions de danses) <br>Cours Confirm\u00e9 jeudi 14h 15<br><br><br><\/p>\n<\/div>\n\n\n\n<div class=\"wp-block-column is-layout-flow wp-block-column-is-layout-flow\">\n<figure class=\"wp-block-image aligncenter size-large is-resized\"><img loading=\"lazy\" decoding=\"async\" width=\"1024\" height=\"1024\" src=\"https:\/\/presenceetdanse.fr\/wp-content\/uploads\/2025\/05\/mosaique-danse-en-ligne-2025-1024x1024.png\" alt=\"Danse en ligne\" class=\"wp-image-696\" style=\"width:327px;height:auto\" srcset=\"https:\/\/presenceetdanse.fr\/wp-content\/uploads\/2025\/05\/mosaique-danse-en-ligne-2025-1024x1024.png 1024w, https:\/\/presenceetdanse.fr\/wp-content\/uploads\/2025\/05\/mosaique-danse-en-ligne-2025-300x300.png 300w, https:\/\/presenceetdanse.fr\/wp-content\/uploads\/2025\/05\/mosaique-danse-en-ligne-2025-150x150.png 150w, https:\/\/presenceetdanse.fr\/wp-content\/uploads\/2025\/05\/mosaique-danse-en-ligne-2025-768x768.png 768w, https:\/\/presenceetdanse.fr\/wp-content\/uploads\/2025\/05\/mosaique-danse-en-ligne-2025.png 1220w\" sizes=\"auto, (max-width: 1024px) 100vw, 1024px\" \/><\/figure>\n<\/div>\n<\/div>\n\n\n\n<p class=\"has-ast-global-color-5-color has-text-color has-link-color wp-elements-c137152e8561b4bc388110ef8e4abe83\"><br>Depuis 20 ans, Anne enseigne des danses en ligne (madison&#8230;), des danses en rond, \u00e0 2, essentiellement des chor\u00e9s de sa cr\u00e9ation, inspir\u00e9es, entre autre, des pas des danses de couple qu\u2019elle a enseign\u00e9s (chachacha, tango, salsa, valse, charleston, swing, bachata, kizomba&#8230;). Elle privil\u00e9gie le choix de belles musiques et la convivialit\u00e9 autour de la danse. <br>Cette ann\u00e9e, un cours a eu lieu pour les danseurs, niveau interm\u00e9diaire et avanc\u00e9.<\/p>\n\n\n\n<p class=\"has-ast-global-color-5-color has-text-color has-link-color wp-elements-974f2b5c8f24f003c7574b9ddc03df0d\"><br><\/p>\n\n\n\n<p><\/p>\n\n\n\n<p><\/p>\n","protected":false},"excerpt":{"rendered":"<p>Danses en lignes et chor\u00e9graphies de pas de danse avec Anne VIAVANT Lieux et horaires des cours hebdomadaires 2026\/2027 LA [&hellip;]<\/p>\n","protected":false},"author":1,"featured_media":0,"parent":0,"menu_order":0,"comment_status":"closed","ping_status":"closed","template":"","meta":{"site-sidebar-layout":"default","site-content-layout":"","ast-site-content-layout":"","site-content-style":"default","site-sidebar-style":"default","ast-global-header-display":"","ast-banner-title-visibility":"","ast-main-header-display":"","ast-hfb-above-header-display":"","ast-hfb-below-header-display":"","ast-hfb-mobile-header-display":"","site-post-title":"disabled","ast-breadcrumbs-content":"","ast-featured-img":"","footer-sml-layout":"","ast-disable-related-posts":"","theme-transparent-header-meta":"","adv-header-id-meta":"","stick-header-meta":"","header-above-stick-meta":"","header-main-stick-meta":"","header-below-stick-meta":"","astra-migrate-meta-layouts":"default","ast-page-background-enabled":"default","ast-page-background-meta":{"desktop":{"background-color":"var(--ast-global-color-4)","background-image":"","background-repeat":"repeat","background-position":"center center","background-size":"auto","background-attachment":"scroll","background-type":"","background-media":"","overlay-type":"","overlay-color":"","overlay-opacity":"","overlay-gradient":""},"tablet":{"background-color":"","background-image":"","background-repeat":"repeat","background-position":"center center","background-size":"auto","background-attachment":"scroll","background-type":"","background-media":"","overlay-type":"","overlay-color":"","overlay-opacity":"","overlay-gradient":""},"mobile":{"background-color":"","background-image":"","background-repeat":"repeat","background-position":"center center","background-size":"auto","background-attachment":"scroll","background-type":"","background-media":"","overlay-type":"","overlay-color":"","overlay-opacity":"","overlay-gradient":""}},"ast-content-background-meta":{"desktop":{"background-color":"var(--ast-global-color-5)","background-image":"","background-repeat":"repeat","background-position":"center center","background-size":"auto","background-attachment":"scroll","background-type":"","background-media":"","overlay-type":"","overlay-color":"","overlay-opacity":"","overlay-gradient":""},"tablet":{"background-color":"var(--ast-global-color-5)","background-image":"","background-repeat":"repeat","background-position":"center center","background-size":"auto","background-attachment":"scroll","background-type":"","background-media":"","overlay-type":"","overlay-color":"","overlay-opacity":"","overlay-gradient":""},"mobile":{"background-color":"var(--ast-global-color-5)","background-image":"","background-repeat":"repeat","background-position":"center center","background-size":"auto","background-attachment":"scroll","background-type":"","background-media":"","overlay-type":"","overlay-color":"","overlay-opacity":"","overlay-gradient":""}},"footnotes":""},"class_list":["post-359","page","type-page","status-publish","hentry"],"_links":{"self":[{"href":"https:\/\/presenceetdanse.fr\/index.php\/wp-json\/wp\/v2\/pages\/359","targetHints":{"allow":["GET"]}}],"collection":[{"href":"https:\/\/presenceetdanse.fr\/index.php\/wp-json\/wp\/v2\/pages"}],"about":[{"href":"https:\/\/presenceetdanse.fr\/index.php\/wp-json\/wp\/v2\/types\/page"}],"author":[{"embeddable":true,"href":"https:\/\/presenceetdanse.fr\/index.php\/wp-json\/wp\/v2\/users\/1"}],"replies":[{"embeddable":true,"href":"https:\/\/presenceetdanse.fr\/index.php\/wp-json\/wp\/v2\/comments?post=359"}],"version-history":[{"count":41,"href":"https:\/\/presenceetdanse.fr\/index.php\/wp-json\/wp\/v2\/pages\/359\/revisions"}],"predecessor-version":[{"id":963,"href":"https:\/\/presenceetdanse.fr\/index.php\/wp-json\/wp\/v2\/pages\/359\/revisions\/963"}],"wp:attachment":[{"href":"https:\/\/presenceetdanse.fr\/index.php\/wp-json\/wp\/v2\/media?parent=359"}],"curies":[{"name":"wp","href":"https:\/\/api.w.org\/{rel}","templated":true}]}}